e highest common divisor of i and 500.
100
Suppose 198*d - 110262 = 164*d. What is the highest common divisor of 138 and d?
69
Let m be (-4)/8 - 77/(-22). Calculate the greatest common divisor of 1217 and m.
1
Suppose -3*d = -5*a + 185, -5*d + 138 = 2*a + 33. Suppose 0 = -6*m + 95 + 871. Let y = -137 + m. Calculate the highest common factor of y and a.
8
Let y be (18/(-6) - 3145)/(16/(-96)). What is the highest common factor of y and 24?
24
Let d(v) be the second derivative of -7*v**3/6 - 27*v**2/2 - 12*v. Let p be -14 + 8/2 - -3. Let j be d(p). What is the greatest common divisor of 198 and j?
22
Let b(d) = 19*d + 252. Let t be b(-13). Suppose 7*s - 3*s = t*o - 380, 3*s - 273 = -4*o. What is the greatest common divisor of 198 and o?
18
Suppose 1127 = 9*d - 2*d. Let l = 37 - 37. Let f(w) = -w**3 - 2*w**2 - 2*w + 23. Let v be f(l). Calculate the greatest common divisor of d and v.
23
Suppose -12*g = 24755 - 68171. What is the highest common divisor of 134 and g?
134
Let g be ((-1)/((-10)/(-1035)))/((-4)/8). Calculate the greatest common factor of 92 and g.
23
Let a = 43323 + -24146. What is the greatest common divisor of 127 and a?
127
Let q = 65 - 1. Calculate the greatest common factor of q and 4.
4
Suppose -2*r - 6*m + 63 = -m, 2*m = -r + 30. Suppose -90*v + 192516 = 173*v. Calculate the greatest common factor of r and v.
12
Suppose 112 = 5*z - 94*t + 96*t, -5*z - 5*t + 100 = 0. What is the greatest common divisor of z and 2256?
24
Let j = -177 + 210. Suppose -r - 2*h + 196 = j, 0 = -3*r - 3*h + 492. What is the highest common factor of r and 66?
33
Let a(z) = -3*z**2 + 46*z - 25. Let l be a(11). What is the highest common factor of l and 22?
2
Let c(k) = -4*k - 162. Let d be c(-41). Suppose 2*i - y = 33, 0 = 3*y - y - d. Let s be 4/(-10) - 261/(-15). What is the greatest common factor of s and i?
17
Suppose -1368 = -9*g - 3*g. Suppose 0 = -5*y + 624 - g. What is the highest common divisor of 17 and y?
17
Let t(x) = 496*x + 11356. Let j be t(65). What is the greatest common divisor of j and 42?
42
Let b be 4*(1 + 2)/(-6) + 11. Suppose 0 = -b*h + 10*h - 561. Let k be 0 + (-298)/(-6) + 8/6. What is the highest common factor of h and k?
51
Suppose -10471 = -4*h + 10845. Calculate the greatest common factor of 73 and h.
73
Let j(f) = -f**2 + 10*f - 6. Let h be j(9). Suppose 2*s = h*g + 511, 4*s + 426 = g + 1423. What is the greatest common divisor of s and 8?
8
Suppose -5*b + 8 = -h - 7, 5*b + 5*h - 15 = 0. Suppose -10 = -b*f + 17. Let g be 624/(-9)*f/(-6). Calculate the highest common factor of 26 and g.
26
Let a = 5494 - 2975. Calculate the greatest common divisor of 11 and a.
11
Suppose v = 3*v - 396. Let h be 23/5 - (-75)/(-125). Suppose 5 = -h*n + 77. What is the highest common divisor of v and n?
18
Let v be (-5447)/(-11) + -1 + 60/(-330). Suppose -v = -37*m + 172. What is the highest common divisor of 30 and m?
6
Let r = 235 - -24. Suppose 14*h = 6*h + 592. What is the greatest common factor of h and r?
37
Suppose 5*l - 2837 = 3*t - 83358, 3*t + 2*l = 80549. What is the greatest common factor of t and 342?
171
Suppose 4*t - q = -6, 3*t - 9 = -4*q - 23. Let w be 2 + (t - -1) + (-2 - -190). What is the highest common factor of w and 42?
21
Suppose -5*a = 4*j - 7415, -3*j - 5901 = -3*a - a. Let u(i) = -17428*i - 87089. Let t be u(-5). What is the highest common factor of a and t?
51
Suppose 4*n + 777 = 2337. Let h = -135333 + 135393. What is the highest common factor of n and h?
30
Let h(x) = -124*x + 6599. Let o be h(53). Calculate the greatest common factor of 20259 and o.
9
Suppose -3*b - 2*f = -192, 3*b - 4*f - 196 = -4. Suppose -656*w - 122*w = -136928. Calculate the highest common factor of b and w.
16
Let s(x) = 33*x**2 - 64*x + 165. Let b be s(6). What is the highest common factor of 627 and b?
57
Suppose 4*p + 24 = 3*j, -4*j - 2*p - 3*p + 63 = 0. Suppose 46*l - 2688 = 44*l. Suppose 22*d - 6*d = l. Calculate the highest common factor of d and j.
12
Let u(b) = b**3 + 26*b**2 - 2*b - 32. Let j be u(0). Let o = -9 + 49. Let v = j + o. What is the highest common factor of 40 and v?
8
Let r(d) = 12*d**2 + 21*d - 152. Let t be r(6). What is the greatest common divisor of 232 and t?
58
Suppose -5*u - 302 = -312. Suppose 2*w + 6 = u*r, 16*r - 4*w = 18*r - 24. What is the highest common factor of 150 and r?
6
Let l = -20779 - -20827. Calculate the greatest common factor of l and 3288.
24
Suppose -2*c - 172 = q + q, 82 = -c + q. Let n be (-1 - 2)/(3/c). What is the highest common divisor of n and 56?
28
Let g = -144 + 154. Suppose -w = -a, -9*w - a = -5*w - g. What is the highest common factor of w and 194?
2
Suppose 0 = -26*k + 436*k - 183680. Calculate the greatest common divisor of 189 and k.
7
Let q be 3*13/3 + -5. Let r be ((-72)/(-63))/(q/476). Calculate the greatest common factor of 340 and r.
68
Let p be (-2)/18*1 + (-116724)/(-27). Calculate the greatest common factor of 66 and p.
33
Suppose 4*u - 61 - 119 = 0. Suppose -85 - u = -13*s. Suppose 3*f - 13 - 192 = 5*j, 141 = 2*f + j. Calculate the highest common factor of s and f.
10
Let t(b) = b**3 + 35*b**2 - 221*b + 14. Let c be t(-40). What is the greatest common factor of c and 126?
14
Let p be (-980)/(-60) - (-2)/(-6). Let n = p - 14. Suppose -4*x + b - 23 + 90 = 0, 0 = 3*x - b - 49. What is the highest common divisor of n and x?
2
Suppose -109*i + 104*i + 42 = g, 4*g - 126 = i. Calculate the greatest common factor of 36 and g.
4
Let w(s) = -3*s + 7. Let d be w(2). Let x be -2 + (6 - d - -45). Calculate the highest common divisor of x and 36.
12
Let k(u) = -3*u**2 + 48*u - 44. Let w be k(14). Calculate the greatest common factor of w and 15.
5
Let f be (-3)/(-33) + 3 + (-142820)/(-44). Calculate the greatest common factor of f and 36.
9
Let r = -35252 - -51265. What is the highest common divisor of 239 and r?
239
Let v(x) be the second derivative of -1/12*x**4 + 0 + 9/2*x**2 - 5/2*x**3 - 25*x. Let p be v(-9). What is the greatest common factor of p and 9?
9
Suppose 185 = 2*m + h, -5*m - 4*h + 378 = -80. Suppose 20 = m*i - 89*i. Let a be (-8)/(-12) + (-116)/(-6). What is the greatest common divisor of i and a?
4
Let u = -1524 + 1584. Calculate the greatest common factor of u and 972.
12
Suppose -21*f - 210 = -7*f. Let i be 1/2*f*6/(-5). Calculate the greatest common divisor of 1 and i.
1
Let t(y) = y**2 - 8*y - 3. Let u be t(10). Let p be (-51)/(909/(-60) + 15). Calculate the greatest common factor of p and u.
17
Suppose -5*d + 646 = -2*u, 160 = 5*d - 4*d + 4*u. What is the highest common divisor of d and 5588?
44
Let w(l) = -l**3 - 11*l**2 - l - 11. Let v be w(-11). Suppose 5*d - 10 = -v*d. Let t be (8 - 2) + 1 + (4 - d). Calculate the greatest common divisor of 9 and t.
9
Suppose -2*n - 4*w = n - 91, 5*w = -10. Let j(q) = 4*q**2 + 13*q - 7. Let r be j(-5). Suppose -9*o + 71 = -r. Calculate the greatest common factor of o and n.
11
Suppose -2*c = -2*s + 312 + 228, -3*s + 4*c = -816. What is the greatest common factor of s and 696?
24
Let m(i) = i**2 - i + 3. Let n be m(0). Suppose -19*a + 23*a = -4*j + 100, -j + 109 = 5*a. Calculate the greatest common divisor of a and n.
3
Let b = 28513 + -28477. Calculate the greatest common factor of 549 and b.
9
Suppose -2*m = -4*m - d + 997, -4*d + 2494 = 5*m. Let i = m - 461. What is the greatest common divisor of i and 37?
37
Suppose 4*b + 792 = 238*s - 234*s, 0 = 5*s + 5*b - 910. Calculate the greatest common divisor of 6 and s.
2
Suppose 0 = -2*p + 3*f + 3345 + 1050, -5*p + 10925 = 5*f. What is the greatest common factor of 30 and p?
30
Suppose 27 = 3*g + 3*p, -10*g - 2*p + 51 = -5*g. Calculate the greatest common divisor of 891 and g.
11
Suppose -92*a = -118588 + 32936. Calculate the greatest common divisor of a and 133.
133
Let z be 113214/114 + -3 - (-2)/(-19). Let r = 1040 - z. Suppose -4*y - 15 + 95 = 0. Calculate the highest common factor of r and y.
10
Let o = -7658 - -7765. What is the greatest common factor of o and 749?
107
Suppose 2*m + 3*k = 294, 0 = m + 5*k + 16 - 170. Let n = -6980 - -7088. What is the greatest common divisor of n and m?
36
Suppose 0 = 3*u - 3, -36*p - 226 = -39*p + 2*u. Suppose 3*k + 0*f - 203 = 5*f, f = 4*k - 299. Calculate the greatest common factor of p and k.
76
Let j(q) = 2*q - 7. Let t be j(5). Let